{"id":619,"date":"2018-03-23T15:04:38","date_gmt":"2018-03-23T14:04:38","guid":{"rendered":"http:\/\/www.stemarie.eu\/site\/?page_id=619"},"modified":"2025-09-09T10:52:07","modified_gmt":"2025-09-09T08:52:07","slug":"mentions-legales","status":"publish","type":"page","link":"https:\/\/www.stemarie.eu\/site\/index.php\/mentions-legales\/","title":{"rendered":"Mentions l\u00e9gales"},"content":{"rendered":"<ul>\n<li>Le pr\u00e9sent site est \u00e9dit\u00e9 par l&rsquo;association Camille Fauquet, 5 rue des Marais 28000 Chartres<\/li>\n<li>Directeur de la publication : L. CADENA<\/li>\n<li>L\u2019h\u00e9bergement du site est assur\u00e9 par Monarobase, La Vincendi\u00e8re, 28330 Les Etilleux, T\u00e9l : (+33) 02 37 29 13 42<\/li>\n<\/ul>\n","protected":false},"excerpt":{"rendered":"<p>Le pr\u00e9sent site est \u00e9dit\u00e9 par l&rsquo;association Camille Fauquet, 5 rue des Marais 28000 Chartres Directeur de la publication : L. CADENA L\u2019h\u00e9bergement du site est assur\u00e9 par Monarobase, La Vincendi\u00e8re, 28330 Les Etilleux, T\u00e9l : (+33) 02 37 29 13 42<\/p>\n","protected":false},"author":1,"featured_media":0,"parent":0,"menu_order":0,"comment_status":"closed","ping_status":"closed","template":"","meta":{"ngg_post_thumbnail":0,"footnotes":""},"class_list":["post-619","page","type-page","status-publish","hentry"],"_links":{"self":[{"href":"https:\/\/www.stemarie.eu\/site\/index.php\/wp-json\/wp\/v2\/pages\/619","targetHints":{"allow":["GET"]}}],"collection":[{"href":"https:\/\/www.stemarie.eu\/site\/index.php\/wp-json\/wp\/v2\/pages"}],"about":[{"href":"https:\/\/www.stemarie.eu\/site\/index.php\/wp-json\/wp\/v2\/types\/page"}],"author":[{"embeddable":true,"href":"https:\/\/www.stemarie.eu\/site\/index.php\/wp-json\/wp\/v2\/users\/1"}],"replies":[{"embeddable":true,"href":"https:\/\/www.stemarie.eu\/site\/index.php\/wp-json\/wp\/v2\/comments?post=619"}],"version-history":[{"count":5,"href":"https:\/\/www.stemarie.eu\/site\/index.php\/wp-json\/wp\/v2\/pages\/619\/revisions"}],"predecessor-version":[{"id":3382,"href":"https:\/\/www.stemarie.eu\/site\/index.php\/wp-json\/wp\/v2\/pages\/619\/revisions\/3382"}],"wp:attachment":[{"href":"https:\/\/www.stemarie.eu\/site\/index.php\/wp-json\/wp\/v2\/media?parent=619"}],"curies":[{"name":"wp","href":"https:\/\/api.w.org\/{rel}","templated":true}]}}